{"id":16,"date":"2014-03-26T22:15:08","date_gmt":"2014-03-26T22:15:08","guid":{"rendered":"http:\/\/its-conf.org\/2014\/?page_id=16"},"modified":"2024-11-18T12:58:42","modified_gmt":"2024-11-18T12:58:42","slug":"committees","status":"publish","type":"page","link":"https:\/\/www.icedutech-conf.org\/oldconferences\/2025\/committees\/","title":{"rendered":"Committees"},"content":{"rendered":"<p><strong>Conference Chair<\/strong><\/p>\n<p>Piet Kommers, University of Twente, The Netherlands<\/p>\n<p><strong>\u00a0<\/strong><\/p>\n<p><strong>Conference Program Co-Chairs<\/strong><\/p>\n<p style=\"font-weight: 400;\">Tomayess Issa, Curtin University, Perth, Australia<\/p>\n<p style=\"font-weight: 400;\">Pedro Isaias, Information Systems &amp; Technology Management School, The University of New South Wales, Australia<\/p>\n<p>&nbsp;<\/p>\n<p style=\"color: #2d2d2d; text-align: justify;\"><strong>Committee Members*<\/strong><\/p>\n<p>Aderbal Correa, Maneschy Correa &amp; Associates, United States<br \/>\nAdrian Bruch, SAE Creative Institute, Australia<br \/>\nAlba Torrego, Complutense University Of Madrid, Spain<br \/>\nAlexander Vaninsky, City University Of New York\/Hostos Community Colle, USA<br \/>\nAna Mar\u00eda De Las Heras Cuenca, Universidad Complutense De Madrid, Spain<br \/>\nAnnette Deschner, P\u00e4dagogische Hochschule Karlsruhe, Germany<br \/>\nAugustin Prodan, Iuliu Hatieganu University, Romania<br \/>\nBeatrice Pudelko, T\u00e9luq-universit\u00e9 Du Qu\u00e9bec, Canada<br \/>\nBoris Vazquez-calvo, University of M\u00e1laga, Spain<br \/>\nChrista Tigerstedt, Arcada, Finland<br \/>\nChristos Troussas, University of West Attica, Greece<br \/>\nDale Kirby, Memorial University Of Newfoundland, Canada<br \/>\nDessislava Vassileva, Sofia University St. Kliment Ohridski, Bulgaria<br \/>\nEugenia Smyrnova-trybulska, University of Silesia in Katowice, Poland<br \/>\nEvdokia Karava, National And Kapodistrian University Of Athens, Greece<br \/>\nFarshad Badie, Aalborg University, Denmark<br \/>\nGabriela Grosseck, West University of Timisoara, Romania<br \/>\nGabriela Prelipcean, University , Rom\u00e2nia<br \/>\nGayle Calverley, Independent, United Kingdom<br \/>\nGemma Tur Ferrer, Universitat De Les Illes Balears, Spain<br \/>\nGiovanni Fulantelli, National Research Council of Italy &#8211; ITD, Italy<br \/>\nJames Uhomoibhi, Ulster University, United Kingdom<br \/>\nJanerik Lundquist, Linkoping University, Sweden<br \/>\nJerzy Moscinski, Silesian University Of Technology, Poland<br \/>\nJos\u00e9 Hern\u00e1ndez Ortega, Complutense University Of Madrid, Spain<br \/>\nKyparisia Papanikolaou, School Of Pedagogical And Technological Education,, Greece<br \/>\nLaura Marinas, Bucharest Academy Of Economic Studies, Romania<br \/>\nLavinia Suteu (Haiduc), Babes Bolyai University, Romania<br \/>\n\u202aLiudmila Shafirova, Aveiro University, Portugal<br \/>\nMalinka Ivanova, Technical University of Sofia, Bulgaria<br \/>\nMaria Goga, Technical University Of Civil Engineering Of Bucha, Romania<br \/>\nMaria Tabuenca Cuevas, Universidad de Alicante, Spain<br \/>\nMaria Lucia Barron-Estrada, TECNOL\u00d3GICO NACIONAL DE M\u00c9XICO-Instituto Tecnol\u00f3gi, M\u00e9xico<br \/>\nPasquina Campanella, University of Bari , Italy<br \/>\nProf. Manoj Kumar Saxena, Central University Of Himachal Pradesh, India<br \/>\nRoxana Marinescu, The Bucharest Academy Of Economic Studies, Romania<br \/>\nSharon Cox, Birmingham City University, United Kingdom<br \/>\nSilvia Pradas Montilla, Universidad Alfonso X, Spain<\/p>\n<p>*committee members are being invited<\/p>\n","protected":false},"excerpt":{"rendered":"<p>Conference Chair Piet Kommers, University of Twente, The Netherlands \u00a0 Conference Program Co-Chairs Tomayess Issa, Curtin University, Perth, Australia Pedro Isaias, Information Systems &amp; Technology Management School, The University of New South Wales, Australia &nbsp; Committee Members* Aderbal Correa, Maneschy Correa &amp; Associates, United States Adrian Bruch, SAE Creative Institute, Australia Alba Torrego, Complutense University [&hellip;]<\/p>\n","protected":false},"author":1,"featured_media":0,"parent":0,"menu_order":0,"comment_status":"closed","ping_status":"closed","template":"","meta":[],"_links":{"self":[{"href":"https:\/\/www.icedutech-conf.org\/oldconferences\/2025\/wp-json\/wp\/v2\/pages\/16"}],"collection":[{"href":"https:\/\/www.icedutech-conf.org\/oldconferences\/2025\/wp-json\/wp\/v2\/pages"}],"about":[{"href":"https:\/\/www.icedutech-conf.org\/oldconferences\/2025\/wp-json\/wp\/v2\/types\/page"}],"author":[{"embeddable":true,"href":"https:\/\/www.icedutech-conf.org\/oldconferences\/2025\/wp-json\/wp\/v2\/users\/1"}],"replies":[{"embeddable":true,"href":"https:\/\/www.icedutech-conf.org\/oldconferences\/2025\/wp-json\/wp\/v2\/comments?post=16"}],"version-history":[{"count":122,"href":"https:\/\/www.icedutech-conf.org\/oldconferences\/2025\/wp-json\/wp\/v2\/pages\/16\/revisions"}],"predecessor-version":[{"id":2249,"href":"https:\/\/www.icedutech-conf.org\/oldconferences\/2025\/wp-json\/wp\/v2\/pages\/16\/revisions\/2249"}],"wp:attachment":[{"href":"https:\/\/www.icedutech-conf.org\/oldconferences\/2025\/wp-json\/wp\/v2\/media?parent=16"}],"curies":[{"name":"wp","href":"https:\/\/api.w.org\/{rel}","templated":true}]}}